t is y(12)?
10
Let a(o) = -80*o + 1014. Give a(14).
-106
Let k(u) = -2*u**3 + 19*u**2 + 6*u - 13. What is k(8)?
227
Let o(s) = -s**3 + 12*s**2 - 39*s + 473. Give o(12).
5
Let c(i) = -14*i**2 - 32*i - 20. Determine c(-6).
-332
Let g(m) = -2*m**2 + 77*m + 425. Give g(43).
38
Let r(k) = 2*k**3 - k**2 + 5*k + 2. What is r(-4)?
-162
Let c(m) = 8230*m + 65836. Give c(-8).
-4
Let m(n) = -76*n**2 + 233*n + 2. What is m(3)?
17
Let v(b) = 1510*b + 13602. Determine v(-9).
12
Let x(q) = 2*q**3 - 8*q**2 + 18*q - 37. Give x(4).
35
Let l(r) = -68*r + 635. Give l(9).
23
Let x(a) = -a**2 + 97*a + 86. Calculate x(98).
-12
Let i(c) = -904*c - 2647. Calculate i(-3).
65
Let i(k) = -133*k + 1726. Give i(13).
-3
Let u(o) = 6128*o + 91908. What is u(-15)?
-12
Let p(l) = -l**2 - 23*l - 31. What is p(-25)?
-81
Let q(t) = t**3 - 13*t**2 - 6*t + 118. Determine q(3).
10
Let a(m) = -12*m**2 + 29*m + 258. What is a(6)?
0
Let h(z) = -10*z - 311. Determine h(-30).
-11
Let g(s) = 760*s - 22799. Give g(30).
1
Let u(g) = -16*g - 859. Determine u(-48).
-91
Let a(t) = -37*t + 63. What is a(10)?
-307
Let x(b) = -b**3 + 20*b**2 - 16*b + 312. Determine x(20).
-8
Let z(u) = 2*u**3 - 19*u**2 + u + 2. Calculate z(10).
112
Let j(u) = 24*u**2 - 575*u - 16. Calculate j(24).
8
Let o(s) = s**3 - 204*s**2 + 191*s + 2429. Calculate o(203).
-7
Let m(d) = -42*d + 249. Calculate m(5).
39
Let g(b) = 111*b + 11. Give g(1).
122
Let b(y) = 6*y**3 - 6*y**2 - 9*y + 17. Calculate b(4).
269
Let z(d) = -d**3 + 65*d**2 + 134*d - 90. What is z(67)?
-90
Let h(d) = -7*d**2 + 40*d + 96. Determine h(-2).
-12
Let v(g) = g**2 - 97*g - 3501. Give v(125).
-1
Let n(d) = -118*d - 836. Calculate n(-9).
226
Let s(q) = q**3 - 3*q**2 + q - 7. What is s(0)?
-7
Let q(t) = 3568*t + 67791. Determine q(-19).
-1
Let m(k) = -16*k**2 + 864*k - 3. What is m(54)?
-3
Let t(p) = -28*p - 452. Give t(-16).
-4
Let u(a) = -3*a**2 - 11*a + 50. What is u(-8)?
-54
Let h(q) = -14*q**2 + 79*q - 9. Determine h(4).
83
Let o(a) = a**3 - 7*a**2 + a - 29. Give o(7).
-22
Let p(n) = n**3 + 55*n**2 - 1896*n + 6. Give p(-79).
6
Let r(f) = -33*f - 661. Give r(-23).
98
Let g(n) = -n**3 - 83*n**2 - 316*n + 43. What is g(-79)?
43
Let z(w) = 23*w - 42. What is z(1)?
-19
Let l(t) = -3*t**3 + 215*t**2 - 145*t + 211. Determine l(71).
-2
Let g(s) = 2*s**3 - 262*s**2 - 262*s - 272. Give g(132).
-8
Let h(u) = 79*u + 3696. Determine h(-47).
-17
Let p(y) = -71*y + 1545. What is p(22)?
-17
Let x(a) = 14*a**2 + 77*a - 35. Give x(-6).
7
Let q(g) = -106*g**2 - 3386*g + 168. Give q(-32).
-24
Let d(s) = 216*s + 1079. Give d(-5).
-1
Let z(p) = -p**3 + 15*p**2 + 14*p + 11. What is z(16)?
-21
Let s(k) = -k**2 + 24*k - 201. Determine s(32).
-457
Let i(o) = -3*o**2 + 695*o - 11542. Give i(18).
-4
Let p(t) = 57*t**2 + 348*t + 38. Give p(-6).
2
Let i(v) = -139*v - 511. What is i(-4)?
45
Let t(v) = -75*v - 262. What is t(-7)?
263
Let m(z) = -2*z - 143. What is m(-31)?
-81
Let l(w) = 16*w - 200. Give l(16).
56
Let w(h) = -28*h**2 - 331*h + 76. Determine w(-12).
16
Let u(b) = -2777*b + 44447. Calculate u(16).
15
Let c(o) = -2042*o**2 + 6120*o + 16. Give c(3).
-2
Let a(n) = 5*n**2 + 392*n + 393. Calculate a(-1).
6
Let q(y) = 2*y**2 - 52*y - 313. What is q(31)?
-3
Let s(f) = -f**3 - 18*f**2 + 45*f + 95. Determine s(-20).
-5
Let p(n) = -n**3 - 13*n**2 - 13*n - 50. Give p(-4).
-142
Let b(g) = 2*g**2 - 141*g + 1427. Determine b(58).
-23
Let i(q) = 220*q**2 + 1554*q + 102. Calculate i(-7).
4
Let k(i) = -2*i**3 - 29*i**2 - 5*i + 135. Determine k(-14).
9
Let c(f) = -f**3 - 16*f**2 + 112*f - 60. Calculate c(5).
-25
Let z(h) = -68*h - 58. Give z(-4).
214
Let r(b) = b**2 - 5*b - 22. What is r(-3)?
2
Let t(w) = -3*w**2 + 42*w + 68. Calculate t(20).
-292
Let q(k) = k**2 + 29*k - 261. Determine q(7).
-9
Let o(g) = -62*g - 445. What is o(-7)?
-11
Let o(s) = 18*s + 451. Determine o(-24).
19
Let p(j) = 355*j - 713. Determine p(2).
-3
Let x(y) = y**2 - 30*y - 305. Give x(39).
46
Let m(z) = 29*z + 47. Determine m(7).
250
Let w(h) = -199*h - 8. Give w(-1).
191
Let r(t) = -t**3 - 13*t**2 - 71*t - 181. Calculate r(-7).
22
Let n(o) = -4*o - 43. Determine n(-10).
-3
Let y(m) = -4*m - 69. Calculate y(6).
-93
Let s(h) = -h**2 - 2217*h - 41755. Determine s(-19).
7
Let x(a) = -4*a**2 + 45*a - 55. Calculate x(10).
-5
Let p(i) = i**2 - 41*i + 170. Determine p(34).
-68
Let n(y) = -5*y**3 + 399*y**2 + 101*y - 1677. Determine n(80).
3
Let d(v) = -2*v**3 + 34*v + 65. Calculate d(-2).
13
Let r(t) = t**3 - 65*t**2 - 36*t + 2426. Give r(65).
86
Let q(a) = 2*a**3 + 122*a**2 + 125*a + 291. Determine q(-60).
-9
Let w(b) = 398*b + 6798. Determine w(-17).
32
Let t(m) = -m**3 + 329*m**2 + 3390*m - 1. Calculate t(-10).
-1
Let w(i) = -9*i**2 + 257*i + 81. Give w(29).
-35
Let b(i) = -i**2 + 25*i + 135. Give b(-6).
-51
Let w(i) = 67*i - 960. Determine w(15).
45
Let b(l) = -2*l**2 + 30*l + 1. Calculate b(14).
29
Let l(w) = w**3 - 60*w**2 + 3*w - 156. Determine l(60).
24
Let j(d) = 295*d + 5309. Give j(-18).
-1
Let j(h) = 395*h - 2719. Determine j(7).
46
Let h(s) = -s**2 + 36*s + 378. What is h(42)?
126
Let r(k) = -2*k**2 - 44*k + 64. Determine r(-26).
-144
Let i(m) = -4*m**2 - 45*m - 57. What is i(-9)?
24
Let a(l) = l**3 - 12*l**2 - 3*l + 253. Determine a(0).
253
Let n(q) = q**2 - 12*q - 410. Determine n(42).
850
Let m(p) = 10*p**2 + 8*p - 35. What is m(-6)?
277
Let n(t) = -111*t - 4215. What is n(-38)?
3
Let t(y) = 28*y + 329. What is t(-17)?
-147
Let f(x) = -53*x - 1218. Calculate f(-23).
1
Let c(n) = -n**3 + 31*n**2 - 160*n - 43. Determine c(7).
13
Let q(c) = -27*c**2 - 39*c - 43. Calculate q(-2).
-73
Let h(l) = 9*l**3 + 10*l**2 - 11*l + 24. Give h(-4).
-348
Let k(s) = s**2 - 19*s - 909. Calculate k(41).
-7
Let a(w) = -424*w - 24987. What is a(-59)?
29
Let l(p) = 4*p**3 + 25*p**2 + 14*p + 47. Determine l(-6).
-1
Let h(i) = i**3 + 23*i - 81. Give h(3).
15
Let v(o) = o**2 - 12*o - 316. Determine v(-13).
9
Let t(m) = -575*m - 2899. Determine t(-5).
-24
Let y(v) = v**3 - 6*v**2 - 109*v + 720. Calculate y(7).
6
Let b(r) = -2*r**3 - 233*r**2 + 594*r - 108. Calculate b(-119).
11
Let r(n) = 248*n + 1003. Give r(-4).
11
Let d(n) = n**3 - 6*n**2 + 147*n - 553. Give d(4).
3
Let v(d) = -244*d - 2856. Give v(-12).
72
Let a(v) = -v**3 - 21*v**2 + 84*v + 80. Calculate a(4).
16
Let a(x) = -32*x - 50. What is a(-5)?
110
Let v(t) = t**3 - 23*t**2 + 492*t - 12459. Determine v(24).
-75
Let y(i) = 26*i - 321. Calculate y(10).
-61
Let g(t) = 166*t - 1654. What is g(10)?
6
Let n(q) = q - 63. Give n(-32).
-95
Let v(j) = j**2 + 33*j + 59. Give v(-25).
-141
Let v(l) = -l**2 + 30*l + 35. What is v(29)?
64
Let u(l) = -l**3 - 13*l**2 - 127*l - 2415. Determine u(-15).
-60
Let l(z) = 2*z + 15. What is l(-8)?
-1
Let i(h) = -123*h - 26. Give i(0).
-26
Let v(i) = -i**3 - 40*i**2 + 54*i + 2168. Calculate v(-40).
8
Let s(w) = 62*w - 1795. What is s(29)?
3
Let p(o) = -o**2 + 33*o + 315. Calculate p(-10).
-115
Let k(d) = 3577*d - 17876. Calculate k(5).
9
Let t(i) = 118*i + 2028. Give t(-17).
22
Let n(s) = -62*s**3 - s**2 + 483*s - 482. Give n(1).
-62
Let j(c) = -6*c**2 + 172*c + 425. What is j(31)?
-9
Let t(w) = -14*w - 260. Determine t(13).
-442
Let z(f) = -f**3 + 93*f**2 - 360*f + 323. Determine z(89).
-33
Let z(j) = 21*j**2 - 189*j. What is z(9)?
0
Let v(n) = 4*n**3 - 33*n**2 + 56*n + 1. Calculate v(2).
13
Let y(k) = -6*k**2 - k - 2. Calculate y(3).
-59
Let u(x) = 32*x + 63. Calculate u(-8).
-193
Let s(r) = -r**3 - 20*r**2 + 69*r + 4. Give s(-23).
4
Let v(y) = -8*y**2 + 3*y - 11. Determine v(0).
-11
Let y(l) = -22*l**2 + 137*l + 19. Determine y(5).
154
Let a(o) = 774*o + 1392. What is a(-2)?
-156
Let x(b) = 5*b + 545. Calculate x(-33).
380
Let t(r) = r**2 - 33*r + 125. Calculate t(19).
-141
Let t(o) = -o**2 - 61*o - 841. Determine t(-39).
17
Let l(w) = -w**3 - 36*w**2 - 30*w + 76. Calculate l(-35).
-99
Let d(c) = 2*c - 190. Determine d(0).
-190
Let b(t) = -2*t**2 - 88*t + 953. Calculate b(-53).
-1
Let b(j) = -j**3 - 52*j**2 + 5*j + 262. What is b(-52)?
2
Let w(a) = -269*a - 288. Give w(-1).
-19
Let l(v) = -v**2 + 86*v - 795. Calculate l(75).
30
Let j(v) = 3223*v + 132144. Calculate j(-41).
1
Let m(u) = -239*u + 32260. Determine m(135).
-5
Let d(h) = -2*h**2 + 365*h - 1467. What is d(4)?
-39
Let w(q) = 1143*q + 79. What is w(-1)?
-1064
Let a(p) = -9*p**